 = -327*x - 2898, -2898 = -2*p + 4*x. What is the highest common factor of 23 and p?
23
Suppose -7*x + 469 = 504. Let q be (-4)/x + 48384/270. Let j = 65 - 29. What is the highest common factor of q and j?
36
Suppose 4356*d = 4348*d + 64032. Calculate the highest common factor of 69 and d.
69
Let i(g) = 10*g - 3. Let o be i(-4). Suppose -16*c + 136 + 776 = 0. Let u = o + c. Calculate the greatest common divisor of u and 84.
14
Suppose -131 = -2*t - t + 5*l, 151 = 3*t + 5*l. Suppose t*y - 6417 = 16*y. What is the highest common factor of y and 9?
9
Let s be (3/(-6))/(11/(-154)). Suppose 0 = s*u - 631 - 41. What is the highest common factor of 132 and u?
12
Let f = 749 - 730. Let b(p) = 5*p**2 - 2*p - 1. Let j be b(-1). Suppose -j*h + 64 = -50. Calculate the greatest common factor of h and f.
19
Let y = 961 - 330. Suppose y = 10*q - 899. Let l be (2 - 1)/(2 + (-33)/17). Calculate the greatest common factor of l and q.
17
Let j(o) = 30*o - 71. Let s be j(-12). Let u = -87 - s. Calculate the highest common factor of u and 8.
8
Let x = -12 - -12. Let q be 51/(-4)*48/(-9). Suppose x = v + 3*v - q. Calculate the highest common divisor of v and 221.
17
Let a(k) = -68*k - 493. Let j be a(-8). Calculate the greatest common divisor of 6885 and j.
51
Let z = 1344 + -953. Calculate the greatest common divisor of z and 184.
23
Let l(h) = h**2 + h + 2. Let i be l(-2). Let b be i/(-18) + 2348/36. Suppose -5*n + b = 15. What is the highest common divisor of 5 and n?
5
Let l = -3519 + 3634. Calculate the highest common divisor of l and 1472.
23
Let u = -145 - -977. Suppose -21*l + 5*l + u = 0. Let b(g) = 8*g**2 - g - 2. Let r be b(-4). Calculate the highest common factor of r and l.
26
Suppose 0*i = -4*i. Let g(o) = o**3 - o**2 + 36. Let r be g(i). Suppose -4*v + 4*t = -8, t - 14 = -2*v - 2*t. What is the greatest common factor of r and v?
4
Let d be 6/14 - (-48)/84. Let s be 2 - -2 - d*3. Let z be s/8*-22*-4. Calculate the greatest common divisor of z and 77.
11
Let h(f) = -53*f - 119. Let g be h(-3). Let m be (-2)/(69/(-72) + 1). Let q be 1/(-3) + m/(-9). Calculate the highest common divisor of q and g.
5
Suppose 2922083 = 180*h + 34*h - 1454003. What is the greatest common factor of 121 and h?
121
Let w(b) be the second derivative of -b**5/20 + b**4 - 7*b**3/6 - 9*b**2 - 92*b. Let g be w(11). What is the greatest common divisor of g and 13?
13
Suppose 0 = -6*p - 12*p + 864. Suppose -58*b + p*b = -1680. Calculate the highest common factor of 24 and b.
24
Let m(n) = -n**3 + 5*n**2 + n - 8. Let k be m(2). Let j(c) = -23*c + 143. Let d be j(k). What is the greatest common factor of 5 and d?
5
Let j(q) = 417*q + 2208. Let t be j(-5). What is the greatest common factor of 23329 and t?
41
Let p = 4252 - 4215. What is the greatest common divisor of 25 and p?
1
Suppose -20 - 28 = -4*v. Let t(d) = -9*d - 303. Let y be t(-35). Let s = v + y. What is the highest common divisor of 264 and s?
24
Let k = 10039 + -9938. What is the highest common divisor of 1111 and k?
101
Let h = 214 + 627. What is the greatest common factor of 1 and h?
1
Let t = -3437 - -3640. Calculate the highest common divisor of t and 87.
29
Let x be (2/14)/((-106)/(-23002)). Suppose -3*b + 9*a = 4*a - x, -4*a - 20 = -2*b. What is the greatest common factor of b and 40?
4
Let d(j) = 7*j**3 + 13*j**2 - 70*j - 41. Let g be d(6). What is the greatest common divisor of 31 and g?
31
Let f(p) = -3*p**3 - 65*p**2 - 21*p - 66. Let m be f(-22). What is the greatest common divisor of 2420 and m?
220
Suppose -14*g + 475 = -295. Let f(d) = 186*d**3 - 2*d**2 - 2*d + 5. Let c be f(1). Calculate the highest common factor of c and g.
11
Let m be -16 - -19 - (-6)/2. Let y be 424 - ((-4)/m)/((-4)/6). What is the greatest common factor of y and 47?
47
Let b = -3988 - -6591. Calculate the highest common divisor of b and 38.
19
Let c(j) = -14*j + 2. Let k be c(-3). Suppose -8873 = -6*l - 8567. Suppose -l*i + 42 = -k*i. What is the highest common factor of i and 102?
6
Suppose 0 = 5*q - 25, b = -2*b - 2*q - 2. Let g be b/7 + 146/(-14). Let m = g + 29. Calculate the greatest common divisor of 144 and m.
18
Let h(m) = 2 + 2 - 1 - 4 + 107*m**2 - 7*m - 5. Let f be h(-1). Suppose v = 5*n + 7 + 20, 3*v + 3*n = 27. What is the highest common divisor of v and f?
12
Let o be (-3 - (-4 + 1 + 2))*-4. Suppose o*c - 2795 = 245. Suppose 122 = r + 10*w - 13*w, -3*r - 5*w + c = 0. What is the highest common divisor of r and 25?
25
Suppose -5*m + 4*x + 140 + 211 = 0, -5*m + 405 = 5*x. What is the greatest common factor of 6400 and m?
25
Let d be 3/2 + (20/8)/5. Suppose d*l = -g + 4*l + 112, -5*g + 2*l = -560. What is the highest common factor of g and 42?
14
Suppose -3*i - 5*a = -48924, 5*a = 20*i - 19*i - 16288. What is the greatest common factor of 137 and i?
137
Let u(f) = -f**3 + 5*f**2 + 6*f. Let d be u(5). Let s = -89 + 49. Let q be ((-135)/10)/9*s. Calculate the highest common factor of d and q.
30
Let v = -5358 + 9153. Suppose -16*c = -21*c + v. Calculate the highest common divisor of 69 and c.
69
Let c = 92 + -150. Let y = c + 90. Calculate the greatest common factor of 352 and y.
32
Let z(o) = 9*o**2 + 562*o - 112. Let t be z(-64). What is the highest common divisor of 560 and t?
112
Let q be (-22 - -23) + -17 + (-76)/(-4). Let o = 3 + -2. Let c(j) = 16*j**3 - j. Let s be c(o). Calculate the highest common divisor of q and s.
3
Let s = -5199 + 5234. Calculate the highest common divisor of 483 and s.
7
Suppose -14 = -y + 17. Let r = y + -50. Let n be 12/(-8)*(-3 + r). Calculate the highest common factor of 3 and n.
3
Let r be 63/((-8)/((-352)/6)) - 5. Let i = -411 + r. What is the highest common divisor of 2 and i?
2
Let t(p) = 1485*p - 358. Let s be t(2). Calculate the greatest common factor of s and 28.
4
Suppose -8*q = -15*q + 35. Let b(t) = 10 + 187*t**3 + q*t + 5*t**2 - 186*t**3 + 0*t**2. Let i be b(-4). Calculate the greatest common divisor of 54 and i.
6
Let c = 16 + 38. Let w = 320 - 320. Suppose 4*v + 38*f - 42*f = 76, 2*v + 2*f - 34 = w. Calculate the greatest common divisor of c and v.
18
Let j = -166 - -189. Let g(r) = -r**2 + 21*r + 61. Let v be g(j). What is the greatest common divisor of v and 20?
5
Let h(p) = p**3 + p**2 - 13*p - 9. Let t be h(-5). Let s = t + 89. Calculate the greatest common factor of 27 and s.
9
Let q be 10*(-9)/(-225)*30. Suppose 0 = -q*l - 176 + 608. Calculate the highest common divisor of l and 192.
12
Suppose 0 = 20*d - 13*d - 42, -4*f + 90 = d. What is the highest common factor of f and 9597?
21
Let z be 72896/28 - 72/(-126). What is the highest common factor of 168 and z?
84
Let p(w) = -w**2 + w. Let d be p(1). Suppose d = 12*u - 38*u + 3718. What is the greatest common factor of 39 and u?
13
Let f(u) = u**2 + 28*u - 5. Let t(s) = -s**3 + 4*s**2 + 2*s - 29. Let z be t(0). Let k be f(z). Calculate the greatest common divisor of 16 and k.
8
Let n(i) = 18*i**3 - 2*i**2 + 4*i - 3. Let x be n(1). Suppose -x = -2*w - 5*j, -5*w + 4*j = -35 + 9. What is the highest common divisor of w and 258?
6
Let m(v) = -v**3 + 30*v**2 + 30*v + 27. Let o be m(31). Let z be (o - (-45)/10)/((-2)/(-52)). What is the highest common divisor of 117 and z?
13
Let x(o) = o**3 - 69*o**2 + 84*o - 960. Let f be x(68). What is the greatest common divisor of 872 and f?
8
Suppose 5357 + 9064 = 57*z. What is the greatest common factor of 184 and z?
23
Let w(k) = 16*k - 44. Let g be w(0). Let s = g - -64. Let b be 5 - 2/(2/(-3)). What is the highest common factor of b and s?
4
Suppose 0 = -d - 3*d + 4*l + 24, -2*l = -d + 10. Suppose -84 = -3*q + d*v, 0 = -2*q + 4*v + 13 + 43. What is the greatest common factor of q and 56?
28
Suppose -3*x - 4 = 2*v - 7*x, -4*x + 4 = -4*v. Suppose -4*h = v, -z + 18 + 22 = h. Calculate the greatest common divisor of z and 40.
40
Suppose -8*w + 6*w + 4*r = 128, -5*r = -5*w - 295. Let z be (156/w)/(-13) + (-212)/(-18). What is the greatest common factor of z and 16?
4
Let d(j) = 63*j - 2511. Let m be d(40). Calculate the greatest common factor of 8919 and m.
9
Let t be 2/(-6) + 10 + 5964/18. Suppose t = -8*p + 9*p. Let n = 56 + -25. What is the highest common factor of p and n?
31
Let y be 19/7 + 1/(56/16). Suppose -p - 4*p + 25 = 2*n, 5*n - 47 = y*p. Suppose 0 = 5*r, -r - 1 = 2*q - 3. Calcul